{"id":482,"date":"2016-07-08T09:20:17","date_gmt":"2016-07-08T09:20:17","guid":{"rendered":"https:\/\/www.xpandgirth.com\/?page_id=482"},"modified":"2016-07-08T09:20:17","modified_gmt":"2016-07-08T09:20:17","slug":"xpandgirth-slim","status":"publish","type":"page","link":"https:\/\/www.xpandgirth.com\/?page_id=482&lang=fr","title":{"rendered":"XpandGirth Slim"},"content":{"rendered":"<div class=\"entry-content\">\n<div class=\"entry-content\">\n<h4 style=\"text-align: center;\"><span id=\"result_box\" class=\"short_text\" lang=\"en\"><span class=\"hps\">Particuli\u00e8rement conseill\u00e9e:<br \/>\n<\/span><\/span><\/h4>\n<p style=\"text-align: center;\">\u00b7 Pour des petits chevaux ou poneys.<br \/>\n\u00b7 Pour des chevaux qui ont tendance \u00e0 souffrir d\u2019\u00e9corchures.<br \/>\n\u00b7 Pour des chevaux d\u2019endurance, qui est d\u00e9j\u00e0 plus l\u00e9g\u00e8re que XpandGirth normal.<\/p>\n<p style=\"text-align: center;\"><img loading=\"lazy\" decoding=\"async\" class=\"aligncenter size-full wp-image-476\" src=\"https:\/\/www.xpandgirth.com\/wp-content\/uploads\/2016\/07\/xpandgirth-slim-medidas.jpg\" alt=\"Maquetaci\u0097n 1\" width=\"700\" height=\"274\" srcset=\"https:\/\/www.xpandgirth.com\/wp-content\/uploads\/2016\/07\/xpandgirth-slim-medidas.jpg 700w, https:\/\/www.xpandgirth.com\/wp-content\/uploads\/2016\/07\/xpandgirth-slim-medidas-300x117.jpg 300w\" sizes=\"auto, (max-width: 700px) 100vw, 700px\" \/><\/p>\n<h4 style=\"text-align: center;\"><span id=\"result_box\" class=\"short_text\" lang=\"en\"><span class=\"hps\">Caract\u00e9ristiques:<\/span><\/span><\/h4>\n<p style=\"text-align: center;\">\u00b7 Sangle disponible \u00e0 partir de 35cm avec un trap\u00e8ze sp\u00e9cial dans la partie centrale.<br \/>\n\u00b7 Mesures du corps de la sangle (sans protection): 49 x 16 cm.<br \/>\n\u00b7 La fonction et l\u2019apport sont les m\u00eames que dans la XpandGirth conventionnelle, puisqu\u2019elle incorpore les m\u00eames \u00e9l\u00e9ments innovants : anneaux en forme de trap\u00e8ze, orifices de ventilation, boucles de s\u00e9curit\u00e9&#8230; et <a title=\"Caracteristiques\" href=\"https:\/\/www.xpandgirth.com\/?page_id=269&amp;lang=fr\">mat\u00e9riaux<\/a> haut de gamme.<\/p>\n<\/div>\n<\/div>\n","protected":false},"excerpt":{"rendered":"<p>Particuli\u00e8rement conseill\u00e9e: \u00b7 Pour des petits chevaux ou poneys. \u00b7 Pour des chevaux qui ont tendance \u00e0 souffrir d\u2019\u00e9corchures. \u00b7 Pour des chevaux d\u2019endurance, qui est d\u00e9j\u00e0 plus l\u00e9g\u00e8re que XpandGirth normal. Caract\u00e9ristiques: \u00b7 Sangle disponible \u00e0 partir de 35cm avec un trap\u00e8ze sp\u00e9cial dans la partie centrale. \u00b7 Mesures du corps de la sangle [&hellip;]<\/p>\n","protected":false},"author":1,"featured_media":0,"parent":336,"menu_order":0,"comment_status":"open","ping_status":"closed","template":"","meta":{"footnotes":""},"class_list":["post-482","page","type-page","status-publish","hentry"],"_links":{"self":[{"href":"https:\/\/www.xpandgirth.com\/index.php?rest_route=\/wp\/v2\/pages\/482","targetHints":{"allow":["GET"]}}],"collection":[{"href":"https:\/\/www.xpandgirth.com\/index.php?rest_route=\/wp\/v2\/pages"}],"about":[{"href":"https:\/\/www.xpandgirth.com\/index.php?rest_route=\/wp\/v2\/types\/page"}],"author":[{"embeddable":true,"href":"https:\/\/www.xpandgirth.com\/index.php?rest_route=\/wp\/v2\/users\/1"}],"replies":[{"embeddable":true,"href":"https:\/\/www.xpandgirth.com\/index.php?rest_route=%2Fwp%2Fv2%2Fcomments&post=482"}],"version-history":[{"count":0,"href":"https:\/\/www.xpandgirth.com\/index.php?rest_route=\/wp\/v2\/pages\/482\/revisions"}],"up":[{"embeddable":true,"href":"https:\/\/www.xpandgirth.com\/index.php?rest_route=\/wp\/v2\/pages\/336"}],"wp:attachment":[{"href":"https:\/\/www.xpandgirth.com\/index.php?rest_route=%2Fwp%2Fv2%2Fmedia&parent=482"}],"curies":[{"name":"wp","href":"https:\/\/api.w.org\/{rel}","templated":true}]}}