{"id":419,"date":"2016-07-08T07:45:15","date_gmt":"2016-07-08T07:45:15","guid":{"rendered":"https:\/\/www.xpandgirth.com\/?page_id=419"},"modified":"2018-12-14T10:29:53","modified_gmt":"2018-12-14T10:29:53","slug":"montage","status":"publish","type":"page","link":"https:\/\/www.xpandgirth.com\/?page_id=419&lang=fr","title":{"rendered":"Montage"},"content":{"rendered":"<p><iframe loading=\"lazy\" width=\"560\" height=\"315\" src=\"https:\/\/www.youtube.com\/embed\/fS-HwBgm_MA\" frameborder=\"0\" allow=\"accelerometer; autoplay; encrypted-media; gyroscope; picture-in-picture\" allowfullscreen><\/iframe><br \/>\n<figure id=\"attachment_398\" aria-labelledby=\"figcaption_attachment_398\" class=\"wp-caption aligncenter\" style=\"width: 355px\"><img loading=\"lazy\" decoding=\"async\" class=\"wp-image-398 size-full\" src=\"https:\/\/www.xpandgirth.com\/wp-content\/uploads\/2015\/01\/montaje-1.jpg\" alt=\"\" width=\"355\" height=\"231\" srcset=\"https:\/\/www.xpandgirth.com\/wp-content\/uploads\/2015\/01\/montaje-1.jpg 355w, https:\/\/www.xpandgirth.com\/wp-content\/uploads\/2015\/01\/montaje-1-300x195.jpg 300w\" sizes=\"auto, (max-width: 355px) 100vw, 355px\" \/><figcaption id=\"figcaption_attachment_398\" class=\"wp-caption-text\">1. Accrochez le cordonnet de la pi\u00e8ce rigide qui accompagne la selle \u00e0 la boutonni\u00e8re de la bande en nylon central.<\/figcaption><\/figure><\/p>\n<p>&nbsp;<\/p>\n<figure id=\"attachment_400\" aria-labelledby=\"figcaption_attachment_400\" class=\"wp-caption aligncenter\" style=\"width: 408px\"><img loading=\"lazy\" decoding=\"async\" class=\"  wp-image-400 size-full\" src=\"https:\/\/www.xpandgirth.com\/wp-content\/uploads\/2015\/01\/montaje-2.jpg\" alt=\"\" width=\"408\" height=\"231\" srcset=\"https:\/\/www.xpandgirth.com\/wp-content\/uploads\/2015\/01\/montaje-2.jpg 408w, https:\/\/www.xpandgirth.com\/wp-content\/uploads\/2015\/01\/montaje-2-300x170.jpg 300w\" sizes=\"auto, (max-width: 408px) 100vw, 408px\" \/><figcaption id=\"figcaption_attachment_400\" class=\"wp-caption-text\">2. Introduisez la pi\u00e8ce rigide dans le pont central du corps de la sangle.<\/figcaption><\/figure>\n<p>&nbsp;<\/p>\n<figure id=\"attachment_401\" aria-labelledby=\"figcaption_attachment_401\" class=\"wp-caption aligncenter\" style=\"width: 401px\"><img loading=\"lazy\" decoding=\"async\" class=\"wp-image-401 size-full\" src=\"https:\/\/www.xpandgirth.com\/wp-content\/uploads\/2015\/01\/montaje-3.jpg\" alt=\"3. Pull the rigid element to let the nylon strip cross the central leather keeper.\" width=\"401\" height=\"231\" srcset=\"https:\/\/www.xpandgirth.com\/wp-content\/uploads\/2015\/01\/montaje-3.jpg 401w, https:\/\/www.xpandgirth.com\/wp-content\/uploads\/2015\/01\/montaje-3-300x173.jpg 300w\" sizes=\"auto, (max-width: 401px) 100vw, 401px\" \/><figcaption id=\"figcaption_attachment_401\" class=\"wp-caption-text\">3. Tirez sur la pi\u00e8ce rigide pour faire passer la bande de nylon par le pont central.<\/figcaption><\/figure>\n<p>&nbsp;<\/p>\n<figure id=\"attachment_403\" aria-labelledby=\"figcaption_attachment_403\" class=\"wp-caption aligncenter\" style=\"width: 388px\"><img loading=\"lazy\" decoding=\"async\" class=\"wp-image-403 size-full\" src=\"https:\/\/www.xpandgirth.com\/wp-content\/uploads\/2015\/01\/montaje-4.jpg\" alt=\"montaje-4\" width=\"388\" height=\"231\" srcset=\"https:\/\/www.xpandgirth.com\/wp-content\/uploads\/2015\/01\/montaje-4.jpg 388w, https:\/\/www.xpandgirth.com\/wp-content\/uploads\/2015\/01\/montaje-4-300x179.jpg 300w\" sizes=\"auto, (max-width: 388px) 100vw, 388px\" \/><figcaption id=\"figcaption_attachment_403\" class=\"wp-caption-text\">4a. Superposez les deux corps pour faire co\u00efncider les pi\u00e8ces de Velcro\u00ae. 4b. Ins\u00e9rez les languettes du corps sup\u00e9rieur dans les ponts lat\u00e9raux du corps inferieur.<\/figcaption><\/figure>\n<p>&nbsp;<\/p>\n<figure id=\"attachment_404\" aria-labelledby=\"figcaption_attachment_404\" class=\"wp-caption aligncenter\" style=\"width: 353px\"><img loading=\"lazy\" decoding=\"async\" class=\"wp-image-404 size-full\" src=\"https:\/\/www.xpandgirth.com\/wp-content\/uploads\/2015\/01\/montaje-5.jpg\" alt=\"5a. Bring the female ending of the central screw in the body of the girth which is matched to the protector.  5b. If you want to keep the rigid piece joined  to the girth, attach the cord to the eyelet of the fastening nylon strip then put it inside the central leather keeper.\" width=\"353\" height=\"231\" srcset=\"https:\/\/www.xpandgirth.com\/wp-content\/uploads\/2015\/01\/montaje-5.jpg 353w, https:\/\/www.xpandgirth.com\/wp-content\/uploads\/2015\/01\/montaje-5-300x196.jpg 300w\" sizes=\"auto, (max-width: 353px) 100vw, 353px\" \/><figcaption id=\"figcaption_attachment_404\" class=\"wp-caption-text\">5a. Faites passer la femelle de la vis centrale par le corps de sangle. <br \/> 5b. Si vous souhaitez maintenir la pi\u00e8ce rigide li\u00e9e \u00e0 la sangle, accrochez son cordonnet \u00e0 la boutonni\u00e8re de la bande de nylon centrale et gardez-la \u00e0 l\u2019int\u00e9rieur du pont de cuir central.<\/figcaption><\/figure>\n<p>&nbsp;<\/p>\n<figure id=\"attachment_405\" aria-labelledby=\"figcaption_attachment_405\" class=\"wp-caption aligncenter\" style=\"width: 639px\"><img loading=\"lazy\" decoding=\"async\" class=\"wp-image-405 size-full\" src=\"https:\/\/www.xpandgirth.com\/wp-content\/uploads\/2015\/01\/montaje-6.jpg\" alt=\"montaje-6\" width=\"639\" height=\"231\" srcset=\"https:\/\/www.xpandgirth.com\/wp-content\/uploads\/2015\/01\/montaje-6.jpg 639w, https:\/\/www.xpandgirth.com\/wp-content\/uploads\/2015\/01\/montaje-6-300x108.jpg 300w\" sizes=\"auto, (max-width: 639px) 100vw, 639px\" \/><figcaption id=\"figcaption_attachment_405\" class=\"wp-caption-text\">6. Placez de nouveau le corps sup\u00e9rieur de la sangle et faites passer le m\u00e2le de la vis pour figer les deux parties de la sangle. Vissez avec l\u2019aide d\u2019une pi\u00e8ce de monnaie ou d\u2019un tournevis.<\/figcaption><\/figure>\n<p>&nbsp;<\/p>\n<figure id=\"attachment_406\" aria-labelledby=\"figcaption_attachment_406\" class=\"wp-caption aligncenter\" style=\"width: 702px\"><img loading=\"lazy\" decoding=\"async\" class=\"wp-image-406 size-full\" src=\"https:\/\/www.xpandgirth.com\/wp-content\/uploads\/2015\/01\/montaje-7.jpg\" alt=\"\" width=\"702\" height=\"231\" srcset=\"https:\/\/www.xpandgirth.com\/wp-content\/uploads\/2015\/01\/montaje-7.jpg 702w, https:\/\/www.xpandgirth.com\/wp-content\/uploads\/2015\/01\/montaje-7-300x99.jpg 300w\" sizes=\"auto, (max-width: 702px) 100vw, 702px\" \/><figcaption id=\"figcaption_attachment_406\" class=\"wp-caption-text\">7. Accrochez les lani\u00e8res aux anneaux en trap\u00e8ze et ajuster la longueur selon les indications de la partie \u00abAjustement des lani\u00e8res de r\u00e9glages \u201d.<\/figcaption><\/figure>\n<p>&nbsp;<\/p>\n","protected":false},"excerpt":{"rendered":"<p>&nbsp; &nbsp; &nbsp; &nbsp; &nbsp; &nbsp; &nbsp;<\/p>\n","protected":false},"author":1,"featured_media":0,"parent":0,"menu_order":0,"comment_status":"closed","ping_status":"closed","template":"","meta":{"footnotes":""},"class_list":["post-419","page","type-page","status-publish","hentry"],"_links":{"self":[{"href":"https:\/\/www.xpandgirth.com\/index.php?rest_route=\/wp\/v2\/pages\/419","targetHints":{"allow":["GET"]}}],"collection":[{"href":"https:\/\/www.xpandgirth.com\/index.php?rest_route=\/wp\/v2\/pages"}],"about":[{"href":"https:\/\/www.xpandgirth.com\/index.php?rest_route=\/wp\/v2\/types\/page"}],"author":[{"embeddable":true,"href":"https:\/\/www.xpandgirth.com\/index.php?rest_route=\/wp\/v2\/users\/1"}],"replies":[{"embeddable":true,"href":"https:\/\/www.xpandgirth.com\/index.php?rest_route=%2Fwp%2Fv2%2Fcomments&post=419"}],"version-history":[{"count":0,"href":"https:\/\/www.xpandgirth.com\/index.php?rest_route=\/wp\/v2\/pages\/419\/revisions"}],"wp:attachment":[{"href":"https:\/\/www.xpandgirth.com\/index.php?rest_route=%2Fwp%2Fv2%2Fmedia&parent=419"}],"curies":[{"name":"wp","href":"https:\/\/api.w.org\/{rel}","templated":true}]}}