{"id":354,"date":"2016-07-07T09:36:23","date_gmt":"2016-07-07T09:36:23","guid":{"rendered":"https:\/\/www.xpandgirth.com\/?page_id=354"},"modified":"2016-07-08T11:06:55","modified_gmt":"2016-07-08T11:06:55","slug":"temoignage","status":"publish","type":"page","link":"https:\/\/www.xpandgirth.com\/?page_id=354&lang=fr","title":{"rendered":"T\u00e9moignages"},"content":{"rendered":"<p style=\"text-align: center;\">Si tu poss\u00e8des une XpandGirth, tu peux partager ton exp\u00e9rience ici.\u00a0Donne nous tes impressions ou envoies tes photos (sur\u00a0<a href=\"mailto:imagen@marjoman.es\">imagen@marjoman.es<\/a>). Cela peut \u00eatre tr\u00e8s int\u00e9ressant pour les autres usagers ou pour nous encourager.<\/p>\n","protected":false},"excerpt":{"rendered":"<p>Si tu poss\u00e8des une XpandGirth, tu peux partager ton exp\u00e9rience ici.\u00a0Donne nous tes impressions ou envoies tes photos (sur\u00a0imagen@marjoman.es). Cela peut \u00eatre tr\u00e8s int\u00e9ressant pour les autres usagers ou pour nous encourager.<\/p>\n","protected":false},"author":1,"featured_media":0,"parent":0,"menu_order":0,"comment_status":"open","ping_status":"closed","template":"","meta":{"footnotes":""},"class_list":["post-354","page","type-page","status-publish","hentry"],"_links":{"self":[{"href":"https:\/\/www.xpandgirth.com\/index.php?rest_route=\/wp\/v2\/pages\/354","targetHints":{"allow":["GET"]}}],"collection":[{"href":"https:\/\/www.xpandgirth.com\/index.php?rest_route=\/wp\/v2\/pages"}],"about":[{"href":"https:\/\/www.xpandgirth.com\/index.php?rest_route=\/wp\/v2\/types\/page"}],"author":[{"embeddable":true,"href":"https:\/\/www.xpandgirth.com\/index.php?rest_route=\/wp\/v2\/users\/1"}],"replies":[{"embeddable":true,"href":"https:\/\/www.xpandgirth.com\/index.php?rest_route=%2Fwp%2Fv2%2Fcomments&post=354"}],"version-history":[{"count":0,"href":"https:\/\/www.xpandgirth.com\/index.php?rest_route=\/wp\/v2\/pages\/354\/revisions"}],"wp:attachment":[{"href":"https:\/\/www.xpandgirth.com\/index.php?rest_route=%2Fwp%2Fv2%2Fmedia&parent=354"}],"curies":[{"name":"wp","href":"https:\/\/api.w.org\/{rel}","templated":true}]}}