{"id":352,"date":"2016-07-07T09:35:17","date_gmt":"2016-07-07T09:35:17","guid":{"rendered":"https:\/\/www.xpandgirth.com\/?page_id=352"},"modified":"2016-07-07T09:35:17","modified_gmt":"2016-07-07T09:35:17","slug":"testimonios","status":"publish","type":"page","link":"https:\/\/www.xpandgirth.com\/?page_id=352&lang=es","title":{"rendered":"Testimonios"},"content":{"rendered":"<p style=\"text-align: center;\">Si tienes una XpandGirth, puedes compartir tu experiencia aqu\u00ed. Cu\u00e9ntanos que opini\u00f3n tienes despu\u00e9s de probarla o env\u00edanos tus fotos (por e-mail a: <a href=\"mailto:imagen@marjoman.es\">imagen@marjoman.es<\/a>). Puede ser muy \u00fatil para otras personas o ayudarnos a mejorar.<\/p>\n","protected":false},"excerpt":{"rendered":"<p>Si tienes una XpandGirth, puedes compartir tu experiencia aqu\u00ed. Cu\u00e9ntanos que opini\u00f3n tienes despu\u00e9s de probarla o env\u00edanos tus fotos (por e-mail a: imagen@marjoman.es). Puede ser muy \u00fatil para otras personas o ayudarnos a mejorar.<\/p>\n","protected":false},"author":1,"featured_media":0,"parent":0,"menu_order":0,"comment_status":"open","ping_status":"closed","template":"","meta":{"footnotes":""},"class_list":["post-352","page","type-page","status-publish","hentry"],"_links":{"self":[{"href":"https:\/\/www.xpandgirth.com\/index.php?rest_route=\/wp\/v2\/pages\/352","targetHints":{"allow":["GET"]}}],"collection":[{"href":"https:\/\/www.xpandgirth.com\/index.php?rest_route=\/wp\/v2\/pages"}],"about":[{"href":"https:\/\/www.xpandgirth.com\/index.php?rest_route=\/wp\/v2\/types\/page"}],"author":[{"embeddable":true,"href":"https:\/\/www.xpandgirth.com\/index.php?rest_route=\/wp\/v2\/users\/1"}],"replies":[{"embeddable":true,"href":"https:\/\/www.xpandgirth.com\/index.php?rest_route=%2Fwp%2Fv2%2Fcomments&post=352"}],"version-history":[{"count":0,"href":"https:\/\/www.xpandgirth.com\/index.php?rest_route=\/wp\/v2\/pages\/352\/revisions"}],"wp:attachment":[{"href":"https:\/\/www.xpandgirth.com\/index.php?rest_route=%2Fwp%2Fv2%2Fmedia&parent=352"}],"curies":[{"name":"wp","href":"https:\/\/api.w.org\/{rel}","templated":true}]}}