{"id":250,"date":"2016-06-30T10:35:25","date_gmt":"2016-06-30T10:35:25","guid":{"rendered":"https:\/\/www.xpandgirth.com\/?page_id=250"},"modified":"2016-07-07T09:19:37","modified_gmt":"2016-07-07T09:19:37","slug":"inicio","status":"publish","type":"page","link":"https:\/\/www.xpandgirth.com\/?page_id=250&lang=es","title":{"rendered":"Inicio"},"content":{"rendered":"<p><iframe loading=\"lazy\" src=\"https:\/\/www.youtube.com\/embed\/v1f_3rQ6Ktg\" width=\"750\" height=\"422\" frameborder=\"0\" allowfullscreen=\"allowfullscreen\"><\/iframe><\/p>\n<p style=\"text-align: center;\"><a href=\"https:\/\/www.xpandgirth.com\/wp-content\/uploads\/2015\/01\/xpandgirth-riding.jpg\"><img loading=\"lazy\" decoding=\"async\" class=\"alignright wp-image-24 size-full\" src=\"https:\/\/www.xpandgirth.com\/wp-content\/uploads\/2015\/01\/xpandgirth-riding.jpg\" alt=\"\" width=\"300\" height=\"370\" srcset=\"https:\/\/www.xpandgirth.com\/wp-content\/uploads\/2015\/01\/xpandgirth-riding.jpg 300w, https:\/\/www.xpandgirth.com\/wp-content\/uploads\/2015\/01\/xpandgirth-riding-243x300.jpg 243w\" sizes=\"auto, (max-width: 300px) 100vw, 300px\" \/><\/a>XpandGirth es un producto \u00fanico, resultado de un exhaustivo estudio realizado por expertos en el mundo de la equitaci\u00f3n y de una b\u00fasqueda de los materiales m\u00e1s vers\u00e1tiles y menos agresivos para el contacto con el caballo.<br \/>\nEsta p\u00e1gina web le mostrar\u00e1 c\u00f3mo utilizar correctamente su XpandGirth, as\u00ed como las m\u00faltiples ventajas que presenta en relaci\u00f3n con las cinchas convencionales. Entre ellas destaca su capacidad de adaptaci\u00f3n a la respiraci\u00f3n del caballo y una mayor libertad de movimientos, facilitando incluso los laterales.<\/p>\n<p style=\"text-align: center;\"><a href=\"https:\/\/www.xpandgirth.com\/wp-content\/uploads\/2015\/01\/xpandgirth-design.jpg\"><img loading=\"lazy\" decoding=\"async\" class=\"alignnone wp-image-18 size-full\" src=\"https:\/\/www.xpandgirth.com\/wp-content\/uploads\/2015\/01\/xpandgirth-design.jpg\" alt=\"xpandgirth-design\" width=\"750\" height=\"301\" srcset=\"https:\/\/www.xpandgirth.com\/wp-content\/uploads\/2015\/01\/xpandgirth-design.jpg 750w, https:\/\/www.xpandgirth.com\/wp-content\/uploads\/2015\/01\/xpandgirth-design-300x120.jpg 300w\" sizes=\"auto, (max-width: 750px) 100vw, 750px\" \/><\/a><\/p>\n","protected":false},"excerpt":{"rendered":"<p>XpandGirth es un producto \u00fanico, resultado de un exhaustivo estudio realizado por expertos en el mundo de la equitaci\u00f3n y de una b\u00fasqueda de los materiales m\u00e1s vers\u00e1tiles y menos agresivos para el contacto con el caballo. Esta p\u00e1gina web le mostrar\u00e1 c\u00f3mo utilizar correctamente su XpandGirth, as\u00ed como las m\u00faltiples ventajas que presenta en [&hellip;]<\/p>\n","protected":false},"author":1,"featured_media":0,"parent":0,"menu_order":0,"comment_status":"closed","ping_status":"closed","template":"","meta":{"footnotes":""},"class_list":["post-250","page","type-page","status-publish","hentry"],"_links":{"self":[{"href":"https:\/\/www.xpandgirth.com\/index.php?rest_route=\/wp\/v2\/pages\/250","targetHints":{"allow":["GET"]}}],"collection":[{"href":"https:\/\/www.xpandgirth.com\/index.php?rest_route=\/wp\/v2\/pages"}],"about":[{"href":"https:\/\/www.xpandgirth.com\/index.php?rest_route=\/wp\/v2\/types\/page"}],"author":[{"embeddable":true,"href":"https:\/\/www.xpandgirth.com\/index.php?rest_route=\/wp\/v2\/users\/1"}],"replies":[{"embeddable":true,"href":"https:\/\/www.xpandgirth.com\/index.php?rest_route=%2Fwp%2Fv2%2Fcomments&post=250"}],"version-history":[{"count":1,"href":"https:\/\/www.xpandgirth.com\/index.php?rest_route=\/wp\/v2\/pages\/250\/revisions"}],"predecessor-version":[{"id":555,"href":"https:\/\/www.xpandgirth.com\/index.php?rest_route=\/wp\/v2\/pages\/250\/revisions\/555"}],"wp:attachment":[{"href":"https:\/\/www.xpandgirth.com\/index.php?rest_route=%2Fwp%2Fv2%2Fmedia&parent=250"}],"curies":[{"name":"wp","href":"https:\/\/api.w.org\/{rel}","templated":true}]}}