{"id":244,"date":"2016-07-07T09:22:25","date_gmt":"2016-07-07T09:22:25","guid":{"rendered":"https:\/\/www.xpandgirth.com\/?page_id=244"},"modified":"2019-04-03T10:23:33","modified_gmt":"2019-04-03T10:23:33","slug":"qui-somme-nous","status":"publish","type":"page","link":"https:\/\/www.xpandgirth.com\/?page_id=244&lang=fr","title":{"rendered":"Qui somme nous"},"content":{"rendered":"<p><img loading=\"lazy\" decoding=\"async\" class=\"alignleft size-full wp-image-173\" src=\"https:\/\/www.xpandgirth.com\/wp-content\/uploads\/2015\/01\/company.jpg\" alt=\"Factory of Marjoman\" width=\"330\" height=\"250\" srcset=\"https:\/\/www.xpandgirth.com\/wp-content\/uploads\/2015\/01\/company.jpg 330w, https:\/\/www.xpandgirth.com\/wp-content\/uploads\/2015\/01\/company-300x227.jpg 300w\" sizes=\"auto, (max-width: 330px) 100vw, 330px\" \/>Marjoman, S.L est une entreprise sp\u00e9cialis\u00e9e dans la fabrication de produits d\u00e9di\u00e9s \u00e0 l\u2019\u00e9quitation. Ils appartiennent \u00e0 la quatri\u00e8me g\u00e9n\u00e9ration d\u2019une famille de selliers et combinent cette large exp\u00e9rience artisanale avec des nouvelles technologies pour offrir la meilleure gamme de produits. Leurs articles espagnols et portugais sont des r\u00e9f\u00e9rences \u00e0 l\u2019international pour leur qualit\u00e9 et leur soin du d\u00e9tail.<br \/>\nMarjoman exporte dans plus de 20 pays et distribue d\u2019importantes marques comme Kieffer, Tattini, LAS Helmets ou Cavalliera. Notre priorit\u00e9 a toujours \u00e9t\u00e9 d\u2019exporter nos produits et c\u2019est pourquoi nous avons des distributeurs (grossistes) en Allemagne, Belgique, Australie, Danemark, Suisse, Italie, Norv\u00e8ge, France et beaucoup d\u2019autres.<br \/>\nNotre meilleur succ\u00e8s se porte sur la sangle XpandGirth qui s\u2019adapte aux mouvements et \u00e0 la respiration du cheval, en effet, ce processus est brevet\u00e9; et les montures thermoformage permettent d\u2019ajuster la forme des selles \u00e0 la morphologie de chaque cheval.<\/p>\n<p>Nos produits peuvent se d\u00e9crire en trois mots:<\/p>\n<p><strong>\u2014 <\/strong><strong>Artisanal<\/strong>: la majorit\u00e9 de nos produits sont partiellement ou enti\u00e8rement fait \u00e0 la main \u00e0 cause de la forme du produit, le traitement sp\u00e9cial que nous donnons au cuir rend chaque produit unique. Cela nous aide \u00e0 conna\u00eetre parfaitement nos produits. Nous avons l\u2019habitude de fabriquer des produits adapt\u00e9s aux besoins de nos clients. <img loading=\"lazy\" decoding=\"async\" class=\"alignright size-full wp-image-174\" src=\"https:\/\/www.xpandgirth.com\/wp-content\/uploads\/2015\/01\/factory.jpg\" alt=\"Manufacturing a XpandGirth\" width=\"375\" height=\"330\" srcset=\"https:\/\/www.xpandgirth.com\/wp-content\/uploads\/2015\/01\/factory.jpg 375w, https:\/\/www.xpandgirth.com\/wp-content\/uploads\/2015\/01\/factory-300x264.jpg 300w\" sizes=\"auto, (max-width: 375px) 100vw, 375px\" \/><\/p>\n<p><strong>\u2014<\/strong><strong>Innovation<\/strong>: Nous avons d\u00e9velopp\u00e9 quelques produits innovants. Notre dernier est la XpandGirth qui est un vrai succ\u00e8s. Nous avons aussi cr\u00e9\u00e9 des selles avec un ar\u00e7on thermoformage, qui, gr\u00e2ce \u00e0 son design et sa composition s\u2019adapte parfaitement aux dimensions du cheval en donnant le meilleur ajustement entre le cavalier et le cheval sans que l\u2019ar\u00e7on ne perde de sa r\u00e9sistance, l\u00e9g\u00e8ret\u00e9&#8230;<\/p>\n<p style=\"text-align: left;\"><strong>\u2014<\/strong><strong>Qualit\u00e9<\/strong>: nous prenons soin de nos produits et nous s\u00e9lectionnons le meilleur des mat\u00e9riaux pour leur fabrication ainsi cela nous permet d\u2019atteindre notre but: vendre des produits de haute qualit\u00e9. Cela est tr\u00e8s appr\u00e9ci\u00e9 par nos clients. Nous avons des clients qui ont gard\u00e9 leur selle pendant 30 ans. Egalement, nous somme des fabricants pour d\u2019importantes organisations comme The Royal Guard, Civil Guard, Spanish National Police, Madrid Police&#8230;<\/p>\n<p style=\"text-align: center;\"><strong>XpandGirth\u00ae\u00a0<span id=\"result_box\" class=\"short_text\" lang=\"fr\"><span class=\"\">est con\u00e7u par<\/span><\/span> <a href=\"http:\/\/www.marjoman.es\" target=\"_blank\">Marjoman<\/a>.<\/strong><br \/>\n<strong>C\/ Hoces del Durat\u00f3n, 90. Pol\u00edgono Industrial El Montalvo II. 37008, Salamanca (SPAIN).<\/strong><br \/>\n<strong><a href=\"mailto:marjoman@marjoman.es\" target=\"_blank\">marjoman@marjoman.es<\/a>. Tel: 0034 923 192 725<\/strong><\/p>\n","protected":false},"excerpt":{"rendered":"<p>Marjoman, S.L est une entreprise sp\u00e9cialis\u00e9e dans la fabrication de produits d\u00e9di\u00e9s \u00e0 l\u2019\u00e9quitation. Ils appartiennent \u00e0 la quatri\u00e8me g\u00e9n\u00e9ration d\u2019une famille de selliers et combinent cette large exp\u00e9rience artisanale avec des nouvelles technologies pour offrir la meilleure gamme de produits. Leurs articles espagnols et portugais sont des r\u00e9f\u00e9rences \u00e0 l\u2019international pour leur qualit\u00e9 et [&hellip;]<\/p>\n","protected":false},"author":1,"featured_media":0,"parent":0,"menu_order":0,"comment_status":"closed","ping_status":"closed","template":"","meta":{"footnotes":""},"class_list":["post-244","page","type-page","status-publish","hentry"],"_links":{"self":[{"href":"https:\/\/www.xpandgirth.com\/index.php?rest_route=\/wp\/v2\/pages\/244","targetHints":{"allow":["GET"]}}],"collection":[{"href":"https:\/\/www.xpandgirth.com\/index.php?rest_route=\/wp\/v2\/pages"}],"about":[{"href":"https:\/\/www.xpandgirth.com\/index.php?rest_route=\/wp\/v2\/types\/page"}],"author":[{"embeddable":true,"href":"https:\/\/www.xpandgirth.com\/index.php?rest_route=\/wp\/v2\/users\/1"}],"replies":[{"embeddable":true,"href":"https:\/\/www.xpandgirth.com\/index.php?rest_route=%2Fwp%2Fv2%2Fcomments&post=244"}],"version-history":[{"count":0,"href":"https:\/\/www.xpandgirth.com\/index.php?rest_route=\/wp\/v2\/pages\/244\/revisions"}],"wp:attachment":[{"href":"https:\/\/www.xpandgirth.com\/index.php?rest_route=%2Fwp%2Fv2%2Fmedia&parent=244"}],"curies":[{"name":"wp","href":"https:\/\/api.w.org\/{rel}","templated":true}]}}